is divided by 73?
31
What is the remainder when 132 is divided by 67?
65
Calculate the remainder when 467 is divided by 8.
3
Calculate the remainder when 207 is divided by 29.
4
What is the remainder when 473 is divided by 103?
61
Calculate the remainder when 738 is divided by 25.
13
What is the remainder when 332 is divided by 13?
7
Calculate the remainder when 679 is divided by 142.
111
What is the remainder when 81 is divided by 62?
19
Calculate the remainder when 201 is divided by 17.
14
Calculate the remainder when 91 is divided by 32.
27
Calculate the remainder when 145 is divided by 25.
20
What is the remainder when 239 is divided by 45?
14
What is the remainder when 1659 is divided by 6?
3
Calculate the remainder when 1629 is divided by 301.
124
What is the remainder when 445 is divided by 19?
8
What is the remainder when 4333 is divided by 241?
236
Calculate the remainder when 155 is divided by 59.
37
What is the remainder when 1935 is divided by 6?
3
What is the remainder when 125 is divided by 6?
5
What is the remainder when 435 is divided by 187?
61
What is the remainder when 148 is divided by 14?
8
Calculate the remainder when 163 is divided by 65.
33
Calculate the remainder when 229 is divided by 13.
8
What is the remainder when 273 is divided by 225?
48
Calculate the remainder when 89 is divided by 41.
7
Calculate the remainder when 11 is divided by 4.
3
Calculate the remainder when 10032 is divided by 15.
12
Calculate the remainder when 615 is divided by 106.
85
What is the remainder when 21 is divided by 17?
4
Calculate the remainder when 1093 is divided by 222.
205
What is the remainder when 216 is divided by 98?
20
What is the remainder when 461 is divided by 79?
66
Calculate the remainder when 297 is divided by 50.
47
What is the remainder when 204 is divided by 41?
40
What is the remainder when 179 is divided by 51?
26
Calculate the remainder when 890 is divided by 495.
395
Calculate the remainder when 413 is divided by 155.
103
Calculate the remainder when 592 is divided by 329.
263
What is the remainder when 96 is divided by 21?
12
What is the remainder when 47 is divided by 16?
15
Calculate the remainder when 3234 is divided by 216.
210
Calculate the remainder when 167 is divided by 23.
6
Calculate the remainder when 187 is divided by 10.
7
Calculate the remainder when 2311 is divided by 68.
67
What is the remainder when 220 is divided by 58?
46
Calculate the remainder when 181 is divided by 27.
19
Calculate the remainder when 77 is divided by 26.
25
What is the remainder when 2282 is divided by 153?
140
Calculate the remainder when 43 is divided by 13.
4
Calculate the remainder when 225 is divided by 23.
18
What is the remainder when 648 is divided by 11?
10
Calculate the remainder when 41 is divided by 15.
11
What is the remainder when 2808 is divided by 19?
15
What is the remainder when 4993 is divided by 333?
331
Calculate the remainder when 25505 is divided by 4250.
5
Calculate the remainder when 713 is divided by 11.
9
Calculate the remainder when 1641 is divided by 1636.
5
What is the remainder when 8578 is divided by 52?
50
Calculate the remainder when 479 is divided by 85.
54
What is the remainder when 895 is divided by 885?
10
Calculate the remainder when 13419 is divided by 3351.
15
Calculate the remainder when 338 is divided by 165.
8
Calculate the remainder when 454 is divided by 158.
138
Calculate the remainder when 95 is divided by 26.
17
What is the remainder when 790 is divided by 20?
10
Calculate the remainder when 113 is divided by 94.
19
What is the remainder when 76 is divided by 20?
16
Calculate the remainder when 82 is divided by 17.
14
What is the remainder when 47 is divided by 16?
15
Calculate the remainder when 413 is divided by 9.
8
What is the remainder when 5254 is divided by 146?
144
What is the remainder when 2227 is divided by 737?
16
Calculate the remainder when 7075 is divided by 177.
172
Calculate the remainder when 9535 is divided by 3178.
1
Calculate the remainder when 128 is divided by 41.
5
Calculate the remainder when 89 is divided by 6.
5
Calculate the remainder when 5874 is divided by 25.
24
Calculate the remainder when 53 is divided by 14.
11
What is the remainder when 477 is divided by 10?
7
What is the remainder when 2159 is divided by 72?
71
Calculate the remainder when 70 is divided by 24.
22
Calculate the remainder when 160 is divided by 33.
28
What is the remainder when 3107 is divided by 48?
35
Calculate the remainder when 5898 is divided by 8.
2
What is the remainder when 18952 is divided by 234?
232
Calculate the remainder when 302 is divided by 101.
100
What is the remainder when 225 is divided by 59?
48
What is the remainder when 141 is divided by 26?
11
What is the remainder when 3379 is divided by 84?
19
What is the remainder when 1916 is divided by 382?
6
What is the remainder when 41 is divided by 28?
13
What is the remainder when 268 is divided by 11?
4
Calculate the remainder when 528 is divided by 10.
8
What is the remainder when 41 is divided by 12?
5
What is the remainder when 280 is divided by 71?
67
What is the remainder when 288 is divided by 105?
78
Calculate the remainder when 319 is divided by 7.
4
What is the remainder when 264 is divided by 26?
4
Calculate the remainder when 10321 is divided by 13.
12
What is the remainder when 2545 is divided by 38?
37
What is the remainder when 748 is divided by 217?
97
What is the remainder when 2335 is divided by 78?
73
Calculate the remainder when 7563 is divided by 78.
75
Calculate the remainder when 410 is divided by 17.
2
What is the remainder when 189 is divided by 22?
13
What is the remainder when 38 is divided by 21?
17
Calculate the remainder when 578 is divided by 11.
6
What is the remainder when 1251 is divided by 416?
3
Calculate the remainder when 337 is divided by 269.
68
What is the remainder when 634 is divided by 71?
66
What is the remainder when 181 is divided by 14?
13
Calculate the remainder when 597 is divided by 61.
48
What is the remainder when 189 is divided by 46?
5
Calculate the remainder when 425 is divided by 4.
1
What is the remainder when 287 is divided by 36?
35
What is the remainder when 110 is divided by 99?
11
Calculate the remainder when 4173 is divided by 87.
84
Calculate the remainder when 2346 is divided by 583.
14
What is the remainder when 1551 is divided by 66?
33
What is the remainder when 60031 is divided by 448?
447
Calculate the remainder when 39 is divided by 10.
9
What is the remainder when 202 is divided by 69?
64
Calculate the remainder when 8685 is divided by 212.
205
What is the remainder when 166 is divided by 12?
10
What is the remainder when 411 is divided by 187?
37
Calculate the remainder when 504 is divided by 261.
243
What is the remainder when 327 is divided by 167?
160
What is the remainder when 1374 is divided by 205?
144
Calculate the remainder when 19 is divided by 10.
9
Calculate the remainder when 45 is divided by 14.
3
Calculate the remainder when 669 is divided by 60.
9
What is the remainder when 418 is divided by 60?
58
Calculate the remainder when 194 is divided by 14.
12
What is the remainder when 78 is divided by 8?
6
What is the remainder when 234 is divided by 124?
110
Calculate the remainder when 962 is divided by 55.
27
Calculate the remainder when 123 is divided by 59.
5
What is the remainder when 516 is divided by 498?
18
Calculate the remainder when 242 is divided by 12.
2
What is the remainder when 397 is divided by 55?
12
Calculate the remainder when 631 is divided by 210.
1
Calculate the remainder when 1134 is divided by 47.
6
Calculate the remainder when 87 is divided by 49.
38
What is the remainder when 104 is divided by 48?
8
Calculate the remainder when 255 is divided by 27.
12
What is the remainder when 38 is divided by 25?
13
Calculate the remainder when 1225 is divided by 304.
9
Calculate the remainder when 278 is divided by 102.
74
What is the remainder when 210 is divided by 40?
10
What is the remainder when 287 is divided by 149?
138
What is the remainder when 127 is divided by 96?
31
Calculate the remainder when 2134 is divided by 52.
2
What is the remainder when 958 is divided by 143?
100
What is the remainder when 8